 13873 a composite number?
False
Is 218003 prime?
True
Is 90929 composite?
True
Is 2833 a composite number?
False
Is 1993777 prime?
False
Is 76193 prime?
False
Is 14263 composite?
True
Is 249881 composite?
False
Is 235945 composite?
True
Is 5381 composite?
False
Is 2779 composite?
True
Is 2663347 a prime number?
True
Is 1531 composite?
False
Is 5147 composite?
False
Is 113443 a composite number?
True
Is 29503 composite?
True
Is 3817 a composite number?
True
Is 2149 a composite number?
True
Is 17258 a prime number?
False
Is 4573 prime?
False
Is 776219 a prime number?
True
Is 19217 composite?
True
Is 277709 a prime number?
False
Is 208795 a composite number?
True
Is 281107 composite?
True
Is 526909 composite?
False
Is 307859 a composite number?
False
Is 158407 prime?
True
Is 2543 a composite number?
False
Is 1511 prime?
True
Is 91 composite?
True
Is 7903 prime?
False
Is 199913 prime?
False
Is 196967 a prime number?
False
Is 119333 prime?
False
Is 27087 a prime number?
False
Is 1195619 a prime number?
False
Is 142657 prime?
True
Is 11179 prime?
False
Is 20803 a composite number?
True
Is 3584089 a composite number?
False
Is 8641 prime?
True
Is 30959 composite?
True
Is 128627 a composite number?
True
Is 138239 a composite number?
False
Is 281461 a prime number?
False
Is 18163 a composite number?
True
Is 74473 a composite number?
True
Is 21259 composite?
True
Is 70891 a prime number?
True
Is 88063 a prime number?
False
Is 3166337 a composite number?
True
Is 172307 composite?
False
Is 985177 a prime number?
True
Is 18413 prime?
True
Is 49727 prime?
True
Is 67763 prime?
True
Is 79293 prime?
False
Is 83089 prime?
True
Is 355207 a composite number?
True
Is 104849 composite?
False
Is 2741 a prime number?
True
Is 681 a prime number?
False
Is 284989 prime?
True
Is 113801 prime?
False
Is 143531 prime?
False
Is 31531 composite?
False
Is 17291 a composite number?
False
Is 14683 a composite number?
False
Is 2999 prime?
True
Is 36973 a composite number?
False
Is 1543 prime?
True
Is 78779 composite?
False
Is 12319 prime?
False
Is 271381 a prime number?
False
Is 8989 prime?
False
Is 355345 composite?
True
Is 317257 prime?
True
Is 694973 a prime number?
False
Is 88333 prime?
False
Is 171757 prime?
True
Is 516445 prime?
False
Is 715739 composite?
False
Is 40973 prime?
True
Is 66399 prime?
False
Is 1109 prime?
True
Is 843923 a composite number?
True
Is 39341 a prime number?
True
Is 601753 a composite number?
True
Is 167737 a prime number?
False
Is 31891 a composite number?
False
Is 20901 prime?
False
Is 5557 prime?
True
Is 52447 a prime number?
False
Is 804817 prime?
False
Is 340511 composite?
True
Is 39791 a composite number?
False
Is 356171 prime?
True
Is 62038 a prime number?
False
Is 121001 prime?
True
Is 1037857 prime?
True
Is 4493 composite?
False
Is 6323 prime?
True
Is 194003 composite?
False
Is 161677 prime?
False
Is 12097 prime?
True
Is 32647 a composite number?
False
Is 62273 prime?
True
Is 1259 a prime number?
True
Is 34051 composite?
True
Is 120811 prime?
True
Is 17833 a prime number?
False
Is 10397 composite?
True
Is 253307 a composite number?
False
Is 131333 a prime number?
False
Is 2111618 composite?
True
Is 83089 prime?
True
Is 38903 composite?
False
Is 5129 a composite number?
True
Is 391567 prime?
False
Is 26899 composite?
True
Is 30815 composite?
True
Is 323639 composite?
True
Is 8019223 composite?
True
Is 1477 prime?
False
Is 1287787 a composite number?
False
Is 39541 a composite number?
False
Is 522547 a prime number?
False
Is 302329 composite?
False
Is 11957 a composite number?
True
Is 483281 a prime number?
True
Is 14019 composite?
True
Is 289 composite?
True
Is 149867 a composite number?
False
Is 46841 prime?
False
Is 8779 composite?
False
Is 1171163 prime?
False
Is 26459 a prime number?
True
Is 9521 prime?
True
Is 3833045 a prime number?
False
Is 70969 prime?
True
Is 381093 composite?
True
Is 134935 a prime number?
False
Is 158107 a composite number?
True
Is 673 a composite number?
False
Is 77 composite?
True
Is 14815 a composite number?
True
Is 6313 a prime number?
False
Is 3511 a prime number?
True
Is 20777 a prime number?
False
Is 953 prime?
True
Is 31957 composite?
False
Is 20707 composite?
False
Is 369007 composite?
False
Is 74251 a composite number?
True
Is 182697 composite?
True
Is 2957 prime?
True
Is 321443 a prime number?
True
Is 160099 a composite number?
True
Is 152687 composite?
True
Is 13123 composite?
True
Is 570613 prime?
True
Is 117655 a composite number?
True
Is 151057 composite?
False
Is 72269 composite?
False
Is 13853 a composite number?
True
Is 922 a prime number?
False
Is 230905 prime?
False
Is 75053 prime?
False
Is 5097 composite?
True
Is 767 a composite number?
True
Is 21677 a composite number?
True
Is 48563 prime?
True
Is 20143 composite?
False
Is 2497 a composite number?
True
Is 6389 a prime number?
True
Is 9123 composite?
True
Is 193649 composite?
False
Is 33373 prime?
False
Is 4213 a composite number?
True
Is 15833 a composite number?
True
Is 8497 composite?
True
Is 2707 composite?
False
Is 54797 a prime number?
False
Is 395663 a composite number?
True
Is 182477 prime?
False
Is 1123 a composite number?
False
Is 73285 a composite number?
True
Is 1679 composite?
True
Is 583 a prime number?
False
Is 11282 composite?
True
Is 6395 prime?
False
Is 117527 composite?
True
Is 737 composite?
True
Is 554 prime?
False
Is 145045 a composite number?
True
Is 1759 a prime number?
True
Is 400399 a prime number?
False
Is 649 composite?
True
Is 195251 a composite number?
True
Is 4777 a prime number?
False
Is 422309 a composite number?
False
Is 527297 a composite number?
True
Is 2685567 a prime number?
False
Is 462947 a composite number?
False
Is 385193 composite?
False
Is 1709 a composite number?
False
Is 21145 composite?
True
Is 8861 prime?
True
Is 6953 composite?
True
Is 81817 prime?
True
Is 2361323 a prime number?
True
Is 14583 a composite number?
True
Is 20053 a prime number?
False
Is 8923 prime?
True
Is 22598 a composite number?
True
Is 53653 a composite number?
False
Is 864581 a composite number?
False
Is 2819 prime?
True
Is 8929 a prime number?
True
Is 2819 composite?
False
Is 102059 a composite number?
False
Is 57617 composite?
True
Is 23321 prime?
True
Is 15511 prime?
True
Is 1516969 a composite number?
True
Is 73265 a prime number?
False
Is 13291 a composite number?
False
Is 58677 composite?
True
Is 9743 prime?
True
Is 179005 prime?
False
Is 5737 a composite number?
False
Is 28267 a prime number?
False
Is 59789 a composite number?
True
Is 62461 a prime number?
False
Is 110963 composite?
True
Is 35149 a prime number?
True
Is 273899 prime?
True
Is 140297 prime?
True
Is 12361 a composite number?
True
Is 41577 a prime number?
False
Is 766981 prime?
False
Is 1583 prime?
True
Is 508463 prime?
False
Is 225263 prime?
True
Is 23419 prime?
False
Is 146449 a prime number?
True
Is 46891 prime?
False
Is 5209 a composite number?
False
Is 1717 composite?
True
Is 124487 a composite number?
True
Is 10533 a composite number?
True
Is 19561 composite?
True
Is 15071 a prime number?
False
Is 5077 composite?
False
Is 2079367 a prime number?
False
Is 5513 composite?
True
Is 1709 composite?
False
Is 108002 prime?
False
Is 171493 composite?
True
Is 502 a composite number?
True
Is 495667 composite?
False
Is 882269 a prime number?
False
Is 635563 composite?
False
Is 122023 composite?
True
Is 66887 composite?
True
Is 7571 composite?
True
Is 37865 composite?
True
Is 72757 composite?
True
Is 7321 prime?
True
Is 90583 prime?
True
Is 137726 a composite number?
True
Is 212557 a prime number?
True
Is 5582 composite?
True
Is 92731 prime?
False
Is 2393 prime?
True
Is 654067 prime?
True
Is 41773 prime?
False
Is 71249 prime?
True
Is 394357 a composite number?
False
Is 527221 composite?
True
Is 20653 a prime number?
False
Is 10007 a prime number?
True
Is 8443 prime?
True
Is 629 prime?
False
Is 149393 a composite number?
False
Is 3049 a composite number?
False
Is 92042 prime?
False
Is 39497 composite?
True
Is 1055567 prime?
True
Is 1461869 a prime number?
False
Is 331667 composite?
True
Is 719803 composite?
True
Is 41333 a composite number?
False
Is 487 prime?
True
Is 99119 prime?
True
Is 7235 composite?
True
Is 713 a prime number?
False
Is 373753 a prime num